{"version":"1.0","provider_name":"Ebac-Auto","provider_url":"https:\/\/ebac-auto.be\/de\/","author_name":"pixelbar","author_url":"https:\/\/ebac-auto.be\/de\/author\/pixelbar\/","title":"Die digitale Weltpremiere des Kia EV9. - Ebac-Auto","type":"rich","width":600,"height":338,"html":"<blockquote class=\"wp-embedded-content\" data-secret=\"qi7XaZYefw\"><a href=\"https:\/\/ebac-auto.be\/de\/die-digitale-weltpremiere-des-kia-ev9\/\">Die digitale Weltpremiere des Kia EV9.<\/a><\/blockquote><iframe sandbox=\"allow-scripts\" security=\"restricted\" src=\"https:\/\/ebac-auto.be\/de\/die-digitale-weltpremiere-des-kia-ev9\/embed\/#?secret=qi7XaZYefw\" width=\"600\" height=\"338\" title=\"&#8222;Die digitale Weltpremiere des Kia EV9.&#8220; &#8211; Ebac-Auto\" data-secret=\"qi7XaZYefw\" frameborder=\"0\" marginwidth=\"0\" marginheight=\"0\" scrolling=\"no\" class=\"wp-embedded-content\"><\/iframe><script>\n\/*! This file is auto-generated *\/\n!function(d,l){\"use strict\";l.querySelector&&d.addEventListener&&\"undefined\"!=typeof URL&&(d.wp=d.wp||{},d.wp.receiveEmbedMessage||(d.wp.receiveEmbedMessage=function(e){var t=e.data;if((t||t.secret||t.message||t.value)&&!\/[^a-zA-Z0-9]\/.test(t.secret)){for(var s,r,n,a=l.querySelectorAll('iframe[data-secret=\"'+t.secret+'\"]'),o=l.querySelectorAll('blockquote[data-secret=\"'+t.secret+'\"]'),c=new RegExp(\"^https?:$\",\"i\"),i=0;i<o.length;i++)o[i].style.display=\"none\";for(i=0;i<a.length;i++)s=a[i],e.source===s.contentWindow&&(s.removeAttribute(\"style\"),\"height\"===t.message?(1e3<(r=parseInt(t.value,10))?r=1e3:~~r<200&&(r=200),s.height=r):\"link\"===t.message&&(r=new URL(s.getAttribute(\"src\")),n=new URL(t.value),c.test(n.protocol))&&n.host===r.host&&l.activeElement===s&&(d.top.location.href=t.value))}},d.addEventListener(\"message\",d.wp.receiveEmbedMessage,!1),l.addEventListener(\"DOMContentLoaded\",function(){for(var e,t,s=l.querySelectorAll(\"iframe.wp-embedded-content\"),r=0;r<s.length;r++)(t=(e=s[r]).getAttribute(\"data-secret\"))||(t=Math.random().toString(36).substring(2,12),e.src+=\"#?secret=\"+t,e.setAttribute(\"data-secret\",t)),e.contentWindow.postMessage({message:\"ready\",secret:t},\"*\")},!1)))}(window,document);\n<\/script>\n","thumbnail_url":"https:\/\/ebac-auto.be\/wp-content\/uploads\/2023\/04\/kia-ev9-premiere-mondiale-ebac-auto-1.jpg","thumbnail_width":1920,"thumbnail_height":450,"description":"Der Kia EV9.Um die Art und Weise, wie wir uns bewegen, neu zu definieren. Die mutige Vision f\u00fcr die Zukunft von Kia. Das Konzept der rein elektrischen SUVs neu \u00fcberdenken Der Kia EV9 strahlt eine zeitgem\u00e4\u00dfe Ruhe und Eleganz aus, die zu einem hoch entwickelten, ger\u00e4umigen Elektrofahrzeug passt, das f\u00fcr nachhaltige Mobilit\u00e4t steht. Er schafft [&hellip;]"}

Der Kia EV9.Um die Art und Weise, wie wir uns bewegen, neu zu definieren. Die mutige Vision für die Zukunft von Kia. Das Konzept der rein elektrischen SUVs neu überdenken Der Kia EV9 strahlt eine zeitgemäße Ruhe und Eleganz aus, die zu einem hoch entwickelten, geräumigen Elektrofahrzeug passt, das für nachhaltige Mobilität steht. Er schafft [&hellip;]
